t is -1015 + 142?
-433
In base 7, what is 116 + -1155?
-1036
In base 15, what is -1 + -1545c?
-1545d
In base 8, what is -5047 + 251?
-4576
In base 3, what is -2112220 - -12100002?
2210012
In base 12, what is -1b4 - -3401?
3209
In base 12, what is 3509 - -15?
3522
In base 6, what is 42043 - 14?
42025
In base 11, what is -a24191 + 1?
-a24190
In base 3, what is 222210212212 + 12?
222210220001
In base 8, what is 72323 + 4?
72327
In base 4, what is 210101000 + -3?
210100331
In base 16, what is 16da - b?
16cf
In base 3, what is -2 - -1021202200?
1021202121
In base 4, what is 0 - -3013331?
3013331
In base 14, what is d + -3592?
-3583
In base 15, what is c4 + -29?
9a
In base 14, what is 23 + 205?
228
In base 16, what is -b - -243?
238
In base 11, what is -4a54 + -4?
-4a58
In base 15, what is -6dab + -4?
-6db0
In base 2, what is 111101110 + 110010001?
1101111111
In base 16, what is -c5 - -28?
-9d
In base 14, what is 238 - -478?
6b2
In base 13, what is -135b6 - 41?
-13627
In base 15, what is -17 - 63a?
-652
In base 8, what is 2361351 + 2?
2361353
In base 2, what is 10000010 - 11011011?
-1011001
In base 9, what is -1038 - 1?
-1040
In base 13, what is b4b48 - -5?
b4b50
In base 12, what is 10 + -149387?
-149377
In base 4, what is -33 - -31331?
31232
In base 8, what is -2465 - -160?
-2305
In base 13, what is 3319 + c?
3328
In base 8, what is -23 - -2706?
2663
In base 5, what is 1244033 - 13?
1244020
In base 12, what is 1 - -4b30?
4b31
In base 10, what is 10487 - -303?
10790
In base 9, what is 307 - 2118?
-1711
In base 5, what is 331 + 103021?
103402
In base 11, what is 0 - 4717?
-4717
In base 2, what is -1010001100110010 + 101?
-1010001100101101
In base 2, what is 100 - -10001110010000?
10001110010100
In base 9, what is -53 - 1025?
-1078
In base 16, what is 2b + -6e7?
-6bc
In base 3, what is -11 - -10220010?
10212222
In base 3, what is -22221 - -12?
-22202
In base 7, what is 12 - -14565?
14610
In base 2, what is 100001100001101 + -11000110?
100001001000111
In base 8, what is 11 - -4540?
4551
In base 11, what is -4 - -34904?
34900
In base 11, what is 13 + 1375?
1388
In base 16, what is -1 - -18a39?
18a38
In base 4, what is -111011 + -203?
-111220
In base 8, what is -16 + 64710?
64672
In base 10, what is 0 + 20018?
20018
In base 10, what is -152 - -6370?
6218
In base 8, what is -144 - 51427?
-51573
In base 5, what is -4 - -122242?
122233
In base 10, what is 10 - 9225?
-9215
In base 7, what is 1400210 - -4?
1400214
In base 3, what is 10 + -21102101021?
-21102101011
In base 8, what is -10471655 + 2?
-10471653
In base 15, what is 529c + 40?
52dc
In base 10, what is -8 - -11597?
11589
In base 12, what is -683 - -16?
-669
In base 3, what is -201 - 222001121?
-222002022
In base 12, what is 17783 + -10?
17773
In base 5, what is 1124 + 320203?
321332
In base 11, what is -2 + -53717?
-53719
In base 10, what is -3 + 79003?
79000
In base 15, what is 1 + -147b9?
-147b8
In base 16, what is 1 - -2809?
280a
In base 14, what is 75dd + -29?
75b4
In base 4, what is 1112 - -12233?
20011
In base 7, what is -314604 + 1?
-314603
In base 13, what is -1841a0 + 5?
-184198
In base 8, what is 5 - 130162?
-130155
In base 12, what is -1579 - -77?
-1502
In base 11, what is -6741 + 6?
-6736
In base 11, what is 93 - -914?
9a7
In base 12, what is 49a + 426?
904
In base 7, what is 12 - -60026?
60041
In base 10, what is 5 + -98722?
-98717
In base 10, what is -1007 + -82?
-1089
In base 11, what is -1a9 + -14?
-212
In base 13, what is -b90 + -a?
-b9a
In base 10, what is -14 - 22376?
-22390
In base 5, what is -24 - -202140?
202111
In base 10, what is 2608 - 98?
2510
In base 5, what is -14024122 + -10?
-14024132
In base 13, what is -3a07b + 3?
-3a078
In base 11, what is -156 - -1714?
1569
In base 9, what is -5736731 + 5?
-5736725
In base 15, what is -2 - 1710?
-1712
In base 4, what is 1033301 - -31?
1033332
In base 16, what is 3a + 17b?
1b5
In base 16, what is 2b9c + 192?
2d2e
In base 13, what is 157618 - 2?
157616
In base 13, what is 2 - -58ac?
58b1
In base 13, what is 12cc - 2?
12ca
In base 10, what is -59359 - -12?
-59347
In base 11, what is a + -33467a?
-334670
In base 15, what is 2a64c + 23?
2a670
In base 3, what is 1102 + -2012?
-210
In base 10, what is -172 - -943?
771
In base 4, what is 10 + -212212303?
-212212233
In base 13, what is 1203 + -10?
11c3
In base 6, what is 42 + 2414?
2500
In base 13, what is 65 + 10c?
174
In base 14, what is -343 - 16d?
-4b2
In base 3, what is -10221122011 + -2?
-10221122020
In base 14, what is 5c27 - -4?
5c2b
In base 7, what is 2325622 - -2?
2325624
In base 16, what is -5 + -4453?
-4458
In base 3, what is -111001120000 - -12?
-111001112211
In base 14, what is 5 + a059?
a060
In base 2, what is 11001000101 - 100111111?
10100000110
In base 5, what is -324022 + 31?
-323441
In base 13, what is -24 + -b12?
-b36
In base 13, what is -3 + -20b445?
-20b448
In base 11, what is 1304 + 12?
1316
In base 3, what is -1010101 - 1102?
-1011210
In base 5, what is -113 - 133100?
-133213
In base 6, what is 20 - -3110?
3130
In base 7, what is -33563655 - -4?
-33563651
In base 6, what is -3424225 + -31?
-3424300
In base 14, what is 5a04 + -16?
59cc
In base 9, what is 7 + -4868?
-4861
In base 11, what is -3324 - -237?
-3098
In base 12, what is -2 - -1083?
1081
In base 9, what is 4 + -107154?
-107150
In base 12, what is 41aa - -3?
41b1
In base 14, what is 509 + 7a?
585
In base 10, what is 1 - -13105?
13106
In base 15, what is -1 + -1064?
-1065
In base 9, what is -171871 + 6?
-171864
In base 9, what is -10 + -1441?
-1451
In base 12, what is 4 + -24797?
-24793
In base 4, what is 222 + 1011?
1233
In base 6, what is -31 - 4431?
-4502
In base 8, what is 14473651 + -2?
14473647
In base 13, what is -5274a6 - 0?
-5274a6
In base 13, what is -2 - -539a4?
539a2
In base 13, what is 2a - -8c89?
8cb6
In base 7, what is 332011 + 3?
332014
In base 6, what is -12 + -40201252?
-40201304
In base 9, what is -626 + 65?
-551
In base 10, what is 996 - -95?
1091
In base 13, what is 1 + -27b600?
-27b5cc
In base 12, what is -5 + 5696?
5691
In base 11, what is -169 - -2584?
2416
In base 12, what is -4baa - 37?
-5025
In base 12, what is -12 - -5063?
5051
In base 11, what is -81 + 180?
aa
In base 16, what is 2257 - -3e?
2295
In base 13, what is -11ab - -40?
-116b
In base 10, what is 51820 + 7?
51827
In base 10, what is 141703 + -5?
141698
In base 8, what is -5 - 342251?
-342256
In base 5, what is -41 + -14344?
-14440
In base 6, what is 5 + -15152151?
-15152142
In base 3, what is 101 - 100020120?
-100020012
In base 14, what is -7b89c + 0?
-7b89c
In base 14, what is 5 - 101b10?
-101b09
In base 16, what is 2b7 + -15?
2a2
In base 4, what is 10 - 111202030?
-111202020
In base 11, what is -5 - 70747?
-70751
In base 10, what is 46223 - -5?
46228
In base 2, what is 11111110010011 + 111011?
11111111001110
In base 11, what is -5979 - -5?
-5974
In base 11, what is -1 + 17259?
17258
In base 3, what is 0 + 11101012?
11101012
In base 5, what is 1 - 2031322?
-2031321
In base 15, what is -bb5a - 5?
-bb60
In base 4, what is 1310233000 + 1?
1310233001
In base 9, what is -202 - 1167?
-1370
In base 13, what is 78 + -18b8a?
-18b12
In base 9, what is 1243 + 571?
1824
In base 16, what is 2 + -5165?
-5163
In base 16, what is -597 - 58?
-5ef
In base 10, what is -2 + 1452?
1450
In base 9, what is 38082 - -5?
38087
In base 9, what is 5256 + 7?
5264
In base 15, what is -a - -dd4?
dc9
In base 4, what is 1122 - -210110?
211232
In base 10, what is -5 + 26992?
26987
In base 4, what is 1331032221 + 10?
1331032231
In base 5, what is 2014121 - 3?
2014113
In base 5, what is -13 + -220433?
-221001
In base 5, what is 404330 + -1?
404324
In base 3, what is -22 - 210221211202?
-210221212001
In base 10, what is 70 - -4265?
4335
In base 11, what is 44971a3 + -1?
44971a2
In base 3, what is 2 + 21022010?
21022012
In base 14, what is -80 + 1b290?
1b210
In base 9, what is -48522 - 3?
-48525
In base 11, what is 43 - -11a2?
1235
In base 11, what is 2 + 55140?
55142
In base 4, what is 2003 - -200?
2203
In base 4, what is -11300 + 103110?
31210
In base 9, what is 4 + -65587?
-65583
In base 2, what is 100010100011011 - 1?
100010100011010
In base 12, what is -15a + -71?
-20b
In base 10, what is -8 + 13806?
13798
In base 9, what is 12 + -8674?
-8662
In base 5